{"id":1363,"date":"2026-02-23T17:32:03","date_gmt":"2026-02-23T08:32:03","guid":{"rendered":"https:\/\/ufits.co.kr\/privacy-policy\/"},"modified":"2026-08-18T14:17:11","modified_gmt":"2026-08-18T05:17:11","slug":"privacy-policy","status":"publish","type":"page","link":"https:\/\/ufits.co.kr\/pt-br\/privacy-policy\/","title":{"rendered":"Pol\u00edtica de privacidade"},"content":{"rendered":"<p>[et_pb_section fb_built=&#8221;1&#8243; fullwidth=&#8221;on&#8221; admin_label=&#8221;Page visual&#8221; _builder_version=&#8221;4.27.5&#8243; _module_preset=&#8221;default&#8221; global_colors_info=&#8221;{}&#8221;][et_pb_fullwidth_header title=&#8221;@ET-DC@eyJkeW5hbWljIjp0cnVlLCJjb250ZW50IjoicG9zdF90aXRsZSIsInNldHRpbmdzIjp7ImJlZm9yZSI6IiIsImFmdGVyIjoiIn19@&#8221; _builder_version=&#8221;4.27.5&#8243; _dynamic_attributes=&#8221;title&#8221; _module_preset=&#8221;991796c4-6caf-433d-98ed-9360f08b47aa&#8221; global_colors_info=&#8221;{}&#8221;][\/et_pb_fullwidth_header][\/et_pb_section][et_pb_section fb_built=&#8221;1&#8243; admin_label=&#8221;Content&#8221; _builder_version=&#8221;4.27.5&#8243; _module_preset=&#8221;0e6d369f-0a58-4e28-b8de-96f57e8e60b8&#8243; global_colors_info=&#8221;{}&#8221;][et_pb_row _builder_version=&#8221;4.27.5&#8243; _module_preset=&#8221;default&#8221; global_colors_info=&#8221;{}&#8221;][et_pb_column type=&#8221;4_4&#8243; _builder_version=&#8221;4.27.5&#8243; _module_preset=&#8221;default&#8221; global_colors_info=&#8221;{}&#8221;][et_pb_blurb title=&#8221;1. Informa\u00e7\u00f5es Pessoais Coletadas&#8221; _builder_version=&#8221;4.27.7&#8243; _module_preset=&#8221;default&#8221; hover_enabled=&#8221;0&#8243; global_colors_info=&#8221;{}&#8221; sticky_enabled=&#8221;0&#8243;]<\/p>\n<p>A UFIT Co., Ltd. (\u201cEmpresa\u201d) coleta as seguintes informa\u00e7\u00f5es pessoais com a finalidade de receber consultas e solicita\u00e7\u00f5es de informa\u00e7\u00f5es<\/p>\n<ul>\n<li>Informa\u00e7\u00f5es Coletadas: Endere\u00e7o de e-mail<\/li>\n<\/ul>\n<p>[\/et_pb_blurb][et_pb_blurb title=&#8221;2. Finalidade da coleta e uso de informa\u00e7\u00f5es pessoais&#8221; _builder_version=&#8221;4.27.7&#8243; _module_preset=&#8221;default&#8221; hover_enabled=&#8221;0&#8243; global_colors_info=&#8221;{}&#8221; sticky_enabled=&#8221;0&#8243;]<\/p>\n<p>As informa\u00e7\u00f5es pessoais coletadas ser\u00e3o utilizadas apenas para os fins listados abaixo.<\/p>\n<ul>\n<li>Resposta e contato para esclarecimento de d\u00favidas.<\/li>\n<\/ul>\n<p>[\/et_pb_blurb][et_pb_blurb title=&#8221;3. Per\u00edodo de reten\u00e7\u00e3o e utiliza\u00e7\u00e3o de informa\u00e7\u00f5es pessoais&#8221; _builder_version=&#8221;4.27.7&#8243; _module_preset=&#8221;default&#8221; hover_enabled=&#8221;0&#8243; global_colors_info=&#8221;{}&#8221; sticky_enabled=&#8221;0&#8243;]<\/p>\n<ul>\n<li>As informa\u00e7\u00f5es pessoais ser\u00e3o mantidas por 1 ano ap\u00f3s o processamento da consulta e ser\u00e3o destru\u00eddas imediatamente ap\u00f3s esse per\u00edodo.<\/li>\n<li>No entanto, se a reten\u00e7\u00e3o for exigida pelas leis aplic\u00e1veis, os dados ser\u00e3o armazenados pelo per\u00edodo especificado por essas leis.<\/li>\n<\/ul>\n<p>[\/et_pb_blurb][et_pb_blurb title=&#8221;4. Fornecimento de informa\u00e7\u00f5es pessoais a terceiros&#8221; _builder_version=&#8221;4.27.7&#8243; _module_preset=&#8221;default&#8221; hover_enabled=&#8221;0&#8243; global_colors_info=&#8221;{}&#8221; sticky_enabled=&#8221;0&#8243;]<\/p>\n<ul>\n<li>A empresa n\u00e3o fornece informa\u00e7\u00f5es pessoais a terceiros.<\/li>\n<\/ul>\n<p>[\/et_pb_blurb][et_pb_blurb title=&#8221;5. Terceiriza\u00e7\u00e3o do processamento de informa\u00e7\u00f5es pessoais&#8221; _builder_version=&#8221;4.27.7&#8243; _module_preset=&#8221;default&#8221; hover_enabled=&#8221;0&#8243; global_colors_info=&#8221;{}&#8221; sticky_enabled=&#8221;0&#8243;]<\/p>\n<ul>\n<li>A Empresa n\u00e3o terceiriza o processamento de informa\u00e7\u00f5es pessoais para terceiros.<\/li>\n<\/ul>\n<p>[\/et_pb_blurb][et_pb_blurb title=&#8221;6. Procedimentos e m\u00e9todos para a destrui\u00e7\u00e3o de informa\u00e7\u00f5es pessoais&#8221; _builder_version=&#8221;4.27.7&#8243; _module_preset=&#8221;default&#8221; hover_enabled=&#8221;0&#8243; global_colors_info=&#8221;{}&#8221; sticky_enabled=&#8221;0&#8243;]<\/p>\n<ul>\n<li>As informa\u00e7\u00f5es pessoais ser\u00e3o apagadas e destru\u00eddas logo ap\u00f3s o t\u00e9rmino do per\u00edodo de reten\u00e7\u00e3o.<\/li>\n<li>Os arquivos eletr\u00f4nicos ser\u00e3o destru\u00eddos por m\u00e9todos t\u00e9cnicos que impossibilitam a recupera\u00e7\u00e3o.<\/li>\n<\/ul>\n<p>[\/et_pb_blurb][et_pb_blurb title=&#8221;7. Direitos do usu\u00e1rio&#8221; _builder_version=&#8221;4.27.7&#8243; _module_preset=&#8221;default&#8221; hover_enabled=&#8221;0&#8243; global_colors_info=&#8221;{}&#8221; sticky_enabled=&#8221;0&#8243;]<\/p>\n<p>Os usu\u00e1rios podem solicitar acesso, corre\u00e7\u00e3o ou exclus\u00e3o de suas informa\u00e7\u00f5es pessoais a qualquer momento.<\/p>\n<ul>\n<li>M\u00e9todo de solicita\u00e7\u00e3o: Consulta por e-mail<\/li>\n<li>Os pedidos ser\u00e3o processados \u200b\u200bimediatamente, exceto nos casos em que haja obriga\u00e7\u00e3o legal de reter as informa\u00e7\u00f5es.<\/li>\n<\/ul>\n<p>[\/et_pb_blurb][et_pb_blurb title=&#8221;8. Encarregado da prote\u00e7\u00e3o de informa\u00e7\u00f5es pessoais&#8221; _builder_version=&#8221;4.27.7&#8243; _module_preset=&#8221;default&#8221; hover_enabled=&#8221;0&#8243; global_colors_info=&#8221;{}&#8221; sticky_enabled=&#8221;0&#8243;]<\/p>\n<p><span data-sheets-root=\"1\">A empresa designou um respons\u00e1vel pela prote\u00e7\u00e3o de dados pessoais para tratar de quest\u00f5es relacionadas a informa\u00e7\u00f5es pessoais.<\/span><\/p>\n<ul>\n<li><span data-sheets-root=\"1\">Encarregado da prote\u00e7\u00e3o de dados pessoais: Daniel Chang<\/span><\/li>\n<li><span data-sheets-root=\"1\">Email<\/span>: <a href=\"mailto:danielchang@ufits.co.kr\">danielchang@ufits.co.kr<\/a><\/li>\n<\/ul>\n<p>[\/et_pb_blurb][et_pb_blurb title=&#8221;9. Dever de Notifica\u00e7\u00e3o&#8221; _builder_version=&#8221;4.27.7&#8243; _module_preset=&#8221;default&#8221; hover_enabled=&#8221;0&#8243; global_colors_info=&#8221;{}&#8221; sticky_enabled=&#8221;0&#8243;]<\/p>\n<p><span data-sheets-root=\"1\">Esta Pol\u00edtica de Privacidade est\u00e1 sujeita a altera\u00e7\u00f5es de acordo com mudan\u00e7as nas leis ou pol\u00edticas da empresa. Quaisquer altera\u00e7\u00f5es ser\u00e3o comunicadas atrav\u00e9s do site em tempo h\u00e1bil.<\/span><\/p>\n<p>[\/et_pb_blurb][\/et_pb_column][\/et_pb_row][\/et_pb_section]<\/p>\n","protected":false},"excerpt":{"rendered":"<p>A UFIT Co., Ltd. (\u201cEmpresa\u201d) coleta as seguintes informa\u00e7\u00f5es pessoais com a finalidade de receber consultas e solicita\u00e7\u00f5es de informa\u00e7\u00f5es Informa\u00e7\u00f5es Coletadas: Endere\u00e7o de e-mail As informa\u00e7\u00f5es pessoais coletadas ser\u00e3o utilizadas apenas para os fins listados abaixo. Resposta e contato para esclarecimento de d\u00favidas. As informa\u00e7\u00f5es pessoais ser\u00e3o mantidas por 1 ano ap\u00f3s o processamento [&hellip;]<\/p>\n","protected":false},"author":1,"featured_media":0,"parent":0,"menu_order":0,"comment_status":"closed","ping_status":"closed","template":"","meta":{"_acf_changed":false,"_et_pb_use_builder":"on","_et_pb_old_content":"","_et_gb_content_width":"","footnotes":""},"class_list":["post-1363","page","type-page","status-publish","hentry"],"acf":[],"_links":{"self":[{"href":"https:\/\/ufits.co.kr\/pt-br\/wp-json\/wp\/v2\/pages\/1363","targetHints":{"allow":["GET"]}}],"collection":[{"href":"https:\/\/ufits.co.kr\/pt-br\/wp-json\/wp\/v2\/pages"}],"about":[{"href":"https:\/\/ufits.co.kr\/pt-br\/wp-json\/wp\/v2\/types\/page"}],"author":[{"embeddable":true,"href":"https:\/\/ufits.co.kr\/pt-br\/wp-json\/wp\/v2\/users\/1"}],"replies":[{"embeddable":true,"href":"https:\/\/ufits.co.kr\/pt-br\/wp-json\/wp\/v2\/comments?post=1363"}],"version-history":[{"count":2,"href":"https:\/\/ufits.co.kr\/pt-br\/wp-json\/wp\/v2\/pages\/1363\/revisions"}],"predecessor-version":[{"id":1367,"href":"https:\/\/ufits.co.kr\/pt-br\/wp-json\/wp\/v2\/pages\/1363\/revisions\/1367"}],"wp:attachment":[{"href":"https:\/\/ufits.co.kr\/pt-br\/wp-json\/wp\/v2\/media?parent=1363"}],"curies":[{"name":"wp","href":"https:\/\/api.w.org\/{rel}","templated":true}]}}

Política de privacidade

<p>[et_pb_section fb_built=&#8221;1&#8243; fullwidth=&#8221;on&#8221; admin_label=&#8221;Page visual&#8221; _builder_version=&#8221;4.27.5&#8243; _module_preset=&#8221;default&#8221; global_colors_info=&#8221;{}&#8221;][et_pb_fullwidth_header title=&#8221;@ET-DC@eyJkeW5hbWljIjp0cnVlLCJjb250ZW50IjoicG9zdF90aXRsZSIsInNldHRpbmdzIjp7ImJlZm9yZSI6IiIsImFmdGVyIjoiIn19@&#8221; _builder_version=&#8221;4.27.5&#8243; _dynamic_attributes=&#8221;title&#8221; _module_preset=&#8221;991796c4-6caf-433d-98ed-9360f08b47aa&#8221; global_colors_info=&#8221;{}&#8221;][/et_pb_fullwidth_header][/et_pb_section][et_pb_section fb_built=&#8221;1&#8243; admin_label=&#8221;Content&#8221; _builder_version=&#8221;4.27.5&#8243; _module_preset=&#8221;0e6d369f-0a58-4e28-b8de-96f57e8e60b8&#8243; global_colors_info=&#8221;{}&#8221;][et_pb_row _builder_version=&#8221;4.27.5&#8243; _module_preset=&#8221;default&#8221; global_colors_info=&#8221;{}&#8221;][et_pb_column type=&#8221;4_4&#8243; _builder_version=&#8221;4.27.5&#8243; _module_preset=&#8221;default&#8221; global_colors_info=&#8221;{}&#8221;][et_pb_blurb title=&#8221;1. Informações Pessoais Coletadas&#8221; _builder_version=&#8221;4.27.7&#8243; _module_preset=&#8221;default&#8221; hover_enabled=&#8221;0&#8243; global_colors_info=&#8221;{}&#8221; sticky_enabled=&#8221;0&#8243;]</p>
<p>A UFIT Co., Ltd. (“Empresa”) coleta as seguintes informações pessoais com a finalidade de receber consultas e solicitações de informações</p>
<ul>
<li>Informações Coletadas: Endereço de e-mail</li>
</ul>
<p>[/et_pb_blurb][et_pb_blurb title=&#8221;2. Finalidade da coleta e uso de informações pessoais&#8221; _builder_version=&#8221;4.27.7&#8243; _module_preset=&#8221;default&#8221; hover_enabled=&#8221;0&#8243; global_colors_info=&#8221;{}&#8221; sticky_enabled=&#8221;0&#8243;]</p>
<p>As informações pessoais coletadas serão utilizadas apenas para os fins listados abaixo.</p>
<ul>
<li>Resposta e contato para esclarecimento de dúvidas.</li>
</ul>
<p>[/et_pb_blurb][et_pb_blurb title=&#8221;3. Período de retenção e utilização de informações pessoais&#8221; _builder_version=&#8221;4.27.7&#8243; _module_preset=&#8221;default&#8221; hover_enabled=&#8221;0&#8243; global_colors_info=&#8221;{}&#8221; sticky_enabled=&#8221;0&#8243;]</p>
<ul>
<li>As informações pessoais serão mantidas por 1 ano após o processamento da consulta e serão destruídas imediatamente após esse período.</li>
<li>No entanto, se a retenção for exigida pelas leis aplicáveis, os dados serão armazenados pelo período especificado por essas leis.</li>
</ul>
<p>[/et_pb_blurb][et_pb_blurb title=&#8221;4. Fornecimento de informações pessoais a terceiros&#8221; _builder_version=&#8221;4.27.7&#8243; _module_preset=&#8221;default&#8221; hover_enabled=&#8221;0&#8243; global_colors_info=&#8221;{}&#8221; sticky_enabled=&#8221;0&#8243;]</p>
<ul>
<li>A empresa não fornece informações pessoais a terceiros.</li>
</ul>
<p>[/et_pb_blurb][et_pb_blurb title=&#8221;5. Terceirização do processamento de informações pessoais&#8221; _builder_version=&#8221;4.27.7&#8243; _module_preset=&#8221;default&#8221; hover_enabled=&#8221;0&#8243; global_colors_info=&#8221;{}&#8221; sticky_enabled=&#8221;0&#8243;]</p>
<ul>
<li>A Empresa não terceiriza o processamento de informações pessoais para terceiros.</li>
</ul>
<p>[/et_pb_blurb][et_pb_blurb title=&#8221;6. Procedimentos e métodos para a destruição de informações pessoais&#8221; _builder_version=&#8221;4.27.7&#8243; _module_preset=&#8221;default&#8221; hover_enabled=&#8221;0&#8243; global_colors_info=&#8221;{}&#8221; sticky_enabled=&#8221;0&#8243;]</p>
<ul>
<li>As informações pessoais serão apagadas e destruídas logo após o término do período de retenção.</li>
<li>Os arquivos eletrônicos serão destruídos por métodos técnicos que impossibilitam a recuperação.</li>
</ul>
<p>[/et_pb_blurb][et_pb_blurb title=&#8221;7. Direitos do usuário&#8221; _builder_version=&#8221;4.27.7&#8243; _module_preset=&#8221;default&#8221; hover_enabled=&#8221;0&#8243; global_colors_info=&#8221;{}&#8221; sticky_enabled=&#8221;0&#8243;]</p>
<p>Os usuários podem solicitar acesso, correção ou exclusão de suas informações pessoais a qualquer momento.</p>
<ul>
<li>Método de solicitação: Consulta por e-mail</li>
<li>Os pedidos serão processados ​​imediatamente, exceto nos casos em que haja obrigação legal de reter as informações.</li>
</ul>
<p>[/et_pb_blurb][et_pb_blurb title=&#8221;8. Encarregado da proteção de informações pessoais&#8221; _builder_version=&#8221;4.27.7&#8243; _module_preset=&#8221;default&#8221; hover_enabled=&#8221;0&#8243; global_colors_info=&#8221;{}&#8221; sticky_enabled=&#8221;0&#8243;]</p>
<p><span data-sheets-root="1">A empresa designou um responsável pela proteção de dados pessoais para tratar de questões relacionadas a informações pessoais.</span></p>
<ul>
<li><span data-sheets-root="1">Encarregado da proteção de dados pessoais: Daniel Chang</span></li>
<li><span data-sheets-root="1">Email</span>: <a href="mailto:danielchang@ufits.co.kr">danielchang@ufits.co.kr</a></li>
</ul>
<p>[/et_pb_blurb][et_pb_blurb title=&#8221;9. Dever de Notificação&#8221; _builder_version=&#8221;4.27.7&#8243; _module_preset=&#8221;default&#8221; hover_enabled=&#8221;0&#8243; global_colors_info=&#8221;{}&#8221; sticky_enabled=&#8221;0&#8243;]</p>
<p><span data-sheets-root="1">Esta Política de Privacidade está sujeita a alterações de acordo com mudanças nas leis ou políticas da empresa. Quaisquer alterações serão comunicadas através do site em tempo hábil.</span></p>
<p>[/et_pb_blurb][/et_pb_column][/et_pb_row][/et_pb_section]</p>

<p>A UFIT Co., Ltd. (“Empresa”) coleta as seguintes informações pessoais com a finalidade de receber consultas e solicitações de informações Informações Coletadas: Endereço de e-mail As informações pessoais coletadas serão utilizadas apenas para os fins listados abaixo. Resposta e contato para esclarecimento de dúvidas. As informações pessoais serão mantidas por 1 ano após o processamento [&hellip;]</p>
