{"id":1364,"date":"2026-02-23T17:32:03","date_gmt":"2026-02-23T08:32:03","guid":{"rendered":"https:\/\/ufits.co.kr\/privacy-policy\/"},"modified":"2026-08-18T14:20:15","modified_gmt":"2026-08-18T05:20:15","slug":"privacy-policy","status":"publish","type":"page","link":"https:\/\/ufits.co.kr\/es\/privacy-policy\/","title":{"rendered":"Pol\u00edtica de privacidad"},"content":{"rendered":"<p>[et_pb_section fb_built=\u00bb1&#8243; fullwidth=\u00bbon\u00bb admin_label=\u00bbPage visual\u00bb _builder_version=\u00bb4.27.5&#8243; _module_preset=\u00bbdefault\u00bb global_colors_info=\u00bb{}\u00bb][et_pb_fullwidth_header title=\u00bb@ET-DC@eyJkeW5hbWljIjp0cnVlLCJjb250ZW50IjoicG9zdF90aXRsZSIsInNldHRpbmdzIjp7ImJlZm9yZSI6IiIsImFmdGVyIjoiIn19@\u00bb _builder_version=\u00bb4.27.5&#8243; _dynamic_attributes=\u00bbtitle\u00bb _module_preset=\u00bb991796c4-6caf-433d-98ed-9360f08b47aa\u00bb global_colors_info=\u00bb{}\u00bb][\/et_pb_fullwidth_header][\/et_pb_section][et_pb_section fb_built=\u00bb1&#8243; admin_label=\u00bbContent\u00bb _builder_version=\u00bb4.27.5&#8243; _module_preset=\u00bb0e6d369f-0a58-4e28-b8de-96f57e8e60b8&#8243; global_colors_info=\u00bb{}\u00bb][et_pb_row _builder_version=\u00bb4.27.5&#8243; _module_preset=\u00bbdefault\u00bb global_colors_info=\u00bb{}\u00bb][et_pb_column type=\u00bb4_4&#8243; _builder_version=\u00bb4.27.5&#8243; _module_preset=\u00bbdefault\u00bb global_colors_info=\u00bb{}\u00bb][et_pb_blurb title=\u00bb1. Datos personales recopilados\u00bb _builder_version=\u00bb4.27.7&#8243; _module_preset=\u00bbdefault\u00bb hover_enabled=\u00bb0&#8243; global_colors_info=\u00bb{}\u00bb sticky_enabled=\u00bb0&#8243;]<\/p>\n<p><span data-sheets-root=\"1\">UFIT Co., Ltd. (en adelante, la \u00abEmpresa\u00bb) recopila los siguientes datos personales con el fin de gestionar consultas y solicitudes de informaci\u00f3n.<\/span><\/p>\n<ul>\n<li><span data-sheets-root=\"1\">Datos recopilados: direcci\u00f3n de correo electr\u00f3nico<\/span><\/li>\n<\/ul>\n<p>[\/et_pb_blurb][et_pb_blurb title=\u00bb2. Finalidad de la recopilaci\u00f3n y el uso de los datos personales\u00bb _builder_version=\u00bb4.27.7&#8243; _module_preset=\u00bbdefault\u00bb hover_enabled=\u00bb0&#8243; global_colors_info=\u00bb{}\u00bb sticky_enabled=\u00bb0&#8243;]<\/p>\n<p><span data-sheets-root=\"1\">Los datos personales recopilados se utilizar\u00e1n \u00fanicamente para la siguiente finalidad:<\/span><\/p>\n<ul>\n<li><span data-sheets-root=\"1\">Responder a las consultas recibidas y ponerse en contacto con el usuario.<\/span><\/li>\n<\/ul>\n<p>[\/et_pb_blurb][et_pb_blurb title=\u00bb3. Plazo de conservaci\u00f3n y utilizaci\u00f3n de los datos personales\u00bb _builder_version=\u00bb4.27.7&#8243; _module_preset=\u00bbdefault\u00bb hover_enabled=\u00bb0&#8243; global_colors_info=\u00bb{}\u00bb sticky_enabled=\u00bb0&#8243;]<\/p>\n<ul>\n<li><span data-sheets-root=\"1\">Los datos personales se conservar\u00e1n durante un a\u00f1o una vez finalizada la gesti\u00f3n de la consulta y se eliminar\u00e1n sin demora una vez transcurrido dicho plazo. <\/span><\/li>\n<li><span data-sheets-root=\"1\">No obstante, cuando la legislaci\u00f3n aplicable exija su conservaci\u00f3n, los datos se conservar\u00e1n durante el per\u00edodo establecido por dicha normativa.<\/span><\/li>\n<\/ul>\n<p>[\/et_pb_blurb][et_pb_blurb title=\u00bb4. Comunicaci\u00f3n de datos personales a terceros\u00bb _builder_version=\u00bb4.27.7&#8243; _module_preset=\u00bbdefault\u00bb hover_enabled=\u00bb0&#8243; global_colors_info=\u00bb{}\u00bb sticky_enabled=\u00bb0&#8243;]<\/p>\n<ul>\n<li><span data-sheets-root=\"1\">La Empresa no comunica datos personales a terceros.<\/span><\/li>\n<\/ul>\n<p>[\/et_pb_blurb][et_pb_blurb title=\u00bb5. Encargo del tratamiento de datos personales\u00bb _builder_version=\u00bb4.27.7&#8243; _module_preset=\u00bbdefault\u00bb hover_enabled=\u00bb0&#8243; global_colors_info=\u00bb{}\u00bb sticky_enabled=\u00bb0&#8243;]<\/p>\n<ul>\n<li><span data-sheets-root=\"1\">La Empresa no encarga a terceros el tratamiento de datos personales.<\/span><\/li>\n<\/ul>\n<p>[\/et_pb_blurb][et_pb_blurb title=\u00bb6. Procedimiento y m\u00e9todos de eliminaci\u00f3n de los datos personales\u00bb _builder_version=\u00bb4.27.7&#8243; _module_preset=\u00bbdefault\u00bb hover_enabled=\u00bb0&#8243; global_colors_info=\u00bb{}\u00bb sticky_enabled=\u00bb0&#8243;]<\/p>\n<ul>\n<li><span data-sheets-root=\"1\">Los datos personales se eliminar\u00e1n sin demora una vez finalizado el plazo de conservaci\u00f3n.<\/span><\/li>\n<li><span data-sheets-root=\"1\">Los archivos electr\u00f3nicos se eliminar\u00e1n mediante m\u00e9todos t\u00e9cnicos que impidan su recuperaci\u00f3n.<\/span><\/li>\n<\/ul>\n<p>[\/et_pb_blurb][et_pb_blurb title=\u00bb7. Derechos de los usuarios\u00bb _builder_version=\u00bb4.27.7&#8243; _module_preset=\u00bbdefault\u00bb hover_enabled=\u00bb0&#8243; global_colors_info=\u00bb{}\u00bb sticky_enabled=\u00bb0&#8243;]<\/p>\n<p><span data-sheets-root=\"1\">Los usuarios pueden solicitar en cualquier momento el acceso, la rectificaci\u00f3n o la eliminaci\u00f3n de sus datos personales.<\/span><\/p>\n<ul>\n<li><span data-sheets-root=\"1\">M\u00e9todo de solicitud: correo electr\u00f3nico<\/span><\/li>\n<li><span data-sheets-root=\"1\">Las solicitudes se atender\u00e1n sin demora, salvo cuando exista una obligaci\u00f3n legal de conservar los datos.<\/span><\/li>\n<\/ul>\n<p>[\/et_pb_blurb][et_pb_blurb title=\u00bb8. Responsable de protecci\u00f3n de datos personales\u00bb _builder_version=\u00bb4.27.7&#8243; _module_preset=\u00bbdefault\u00bb hover_enabled=\u00bb0&#8243; global_colors_info=\u00bb{}\u00bb sticky_enabled=\u00bb0&#8243;]<\/p>\n<p><span data-sheets-root=\"1\">La Empresa ha designado a un responsable de protecci\u00f3n de datos personales para atender consultas relacionadas con el tratamiento y la protecci\u00f3n de dichos datos.<\/span><\/p>\n<ul>\n<li><span data-sheets-root=\"1\">Responsable de protecci\u00f3n de datos personales: Daniel Chang<\/span><\/li>\n<li><span data-sheets-root=\"1\">Correo electr\u00f3nico<\/span>: <a href=\"mailto:danielchang@ufits.co.kr\">danielchang@ufits.co.kr<\/a><\/li>\n<\/ul>\n<p>[\/et_pb_blurb][et_pb_blurb title=\u00bb9. Aviso de modificaciones\u00bb _builder_version=\u00bb4.27.7&#8243; _module_preset=\u00bbdefault\u00bb hover_enabled=\u00bb0&#8243; global_colors_info=\u00bb{}\u00bb sticky_enabled=\u00bb0&#8243;]<\/p>\n<p><span data-sheets-root=\"1\">Esta Pol\u00edtica de Privacidad podr\u00e1 modificarse en funci\u00f3n de cambios en la legislaci\u00f3n aplicable o en las pol\u00edticas de la Empresa. Cualquier modificaci\u00f3n se notificar\u00e1 sin demora a trav\u00e9s del sitio web.<\/span><\/p>\n<p>[\/et_pb_blurb][\/et_pb_column][\/et_pb_row][\/et_pb_section]<\/p>\n","protected":false},"excerpt":{"rendered":"<p>UFIT Co., Ltd. (en adelante, la \u00abEmpresa\u00bb) recopila los siguientes datos personales con el fin de gestionar consultas y solicitudes de informaci\u00f3n. Datos recopilados: direcci\u00f3n de correo electr\u00f3nico Los datos personales recopilados se utilizar\u00e1n \u00fanicamente para la siguiente finalidad: Responder a las consultas recibidas y ponerse en contacto con el usuario. Los datos personales se [&hellip;]<\/p>\n","protected":false},"author":1,"featured_media":0,"parent":0,"menu_order":0,"comment_status":"closed","ping_status":"closed","template":"","meta":{"_acf_changed":false,"_et_pb_use_builder":"on","_et_pb_old_content":"","_et_gb_content_width":"","footnotes":""},"class_list":["post-1364","page","type-page","status-publish","hentry"],"acf":[],"_links":{"self":[{"href":"https:\/\/ufits.co.kr\/es\/wp-json\/wp\/v2\/pages\/1364","targetHints":{"allow":["GET"]}}],"collection":[{"href":"https:\/\/ufits.co.kr\/es\/wp-json\/wp\/v2\/pages"}],"about":[{"href":"https:\/\/ufits.co.kr\/es\/wp-json\/wp\/v2\/types\/page"}],"author":[{"embeddable":true,"href":"https:\/\/ufits.co.kr\/es\/wp-json\/wp\/v2\/users\/1"}],"replies":[{"embeddable":true,"href":"https:\/\/ufits.co.kr\/es\/wp-json\/wp\/v2\/comments?post=1364"}],"version-history":[{"count":2,"href":"https:\/\/ufits.co.kr\/es\/wp-json\/wp\/v2\/pages\/1364\/revisions"}],"predecessor-version":[{"id":1371,"href":"https:\/\/ufits.co.kr\/es\/wp-json\/wp\/v2\/pages\/1364\/revisions\/1371"}],"wp:attachment":[{"href":"https:\/\/ufits.co.kr\/es\/wp-json\/wp\/v2\/media?parent=1364"}],"curies":[{"name":"wp","href":"https:\/\/api.w.org\/{rel}","templated":true}]}}

Política de privacidad

<p>[et_pb_section fb_built=»1&#8243; fullwidth=»on» admin_label=»Page visual» _builder_version=»4.27.5&#8243; _module_preset=»default» global_colors_info=»{}»][et_pb_fullwidth_header title=»@ET-DC@eyJkeW5hbWljIjp0cnVlLCJjb250ZW50IjoicG9zdF90aXRsZSIsInNldHRpbmdzIjp7ImJlZm9yZSI6IiIsImFmdGVyIjoiIn19@» _builder_version=»4.27.5&#8243; _dynamic_attributes=»title» _module_preset=»991796c4-6caf-433d-98ed-9360f08b47aa» global_colors_info=»{}»][/et_pb_fullwidth_header][/et_pb_section][et_pb_section fb_built=»1&#8243; admin_label=»Content» _builder_version=»4.27.5&#8243; _module_preset=»0e6d369f-0a58-4e28-b8de-96f57e8e60b8&#8243; global_colors_info=»{}»][et_pb_row _builder_version=»4.27.5&#8243; _module_preset=»default» global_colors_info=»{}»][et_pb_column type=»4_4&#8243; _builder_version=»4.27.5&#8243; _module_preset=»default» global_colors_info=»{}»][et_pb_blurb title=»1. Datos personales recopilados» _builder_version=»4.27.7&#8243; _module_preset=»default» hover_enabled=»0&#8243; global_colors_info=»{}» sticky_enabled=»0&#8243;]</p>
<p><span data-sheets-root="1">UFIT Co., Ltd. (en adelante, la «Empresa») recopila los siguientes datos personales con el fin de gestionar consultas y solicitudes de información.</span></p>
<ul>
<li><span data-sheets-root="1">Datos recopilados: dirección de correo electrónico</span></li>
</ul>
<p>[/et_pb_blurb][et_pb_blurb title=»2. Finalidad de la recopilación y el uso de los datos personales» _builder_version=»4.27.7&#8243; _module_preset=»default» hover_enabled=»0&#8243; global_colors_info=»{}» sticky_enabled=»0&#8243;]</p>
<p><span data-sheets-root="1">Los datos personales recopilados se utilizarán únicamente para la siguiente finalidad:</span></p>
<ul>
<li><span data-sheets-root="1">Responder a las consultas recibidas y ponerse en contacto con el usuario.</span></li>
</ul>
<p>[/et_pb_blurb][et_pb_blurb title=»3. Plazo de conservación y utilización de los datos personales» _builder_version=»4.27.7&#8243; _module_preset=»default» hover_enabled=»0&#8243; global_colors_info=»{}» sticky_enabled=»0&#8243;]</p>
<ul>
<li><span data-sheets-root="1">Los datos personales se conservarán durante un año una vez finalizada la gestión de la consulta y se eliminarán sin demora una vez transcurrido dicho plazo. </span></li>
<li><span data-sheets-root="1">No obstante, cuando la legislación aplicable exija su conservación, los datos se conservarán durante el período establecido por dicha normativa.</span></li>
</ul>
<p>[/et_pb_blurb][et_pb_blurb title=»4. Comunicación de datos personales a terceros» _builder_version=»4.27.7&#8243; _module_preset=»default» hover_enabled=»0&#8243; global_colors_info=»{}» sticky_enabled=»0&#8243;]</p>
<ul>
<li><span data-sheets-root="1">La Empresa no comunica datos personales a terceros.</span></li>
</ul>
<p>[/et_pb_blurb][et_pb_blurb title=»5. Encargo del tratamiento de datos personales» _builder_version=»4.27.7&#8243; _module_preset=»default» hover_enabled=»0&#8243; global_colors_info=»{}» sticky_enabled=»0&#8243;]</p>
<ul>
<li><span data-sheets-root="1">La Empresa no encarga a terceros el tratamiento de datos personales.</span></li>
</ul>
<p>[/et_pb_blurb][et_pb_blurb title=»6. Procedimiento y métodos de eliminación de los datos personales» _builder_version=»4.27.7&#8243; _module_preset=»default» hover_enabled=»0&#8243; global_colors_info=»{}» sticky_enabled=»0&#8243;]</p>
<ul>
<li><span data-sheets-root="1">Los datos personales se eliminarán sin demora una vez finalizado el plazo de conservación.</span></li>
<li><span data-sheets-root="1">Los archivos electrónicos se eliminarán mediante métodos técnicos que impidan su recuperación.</span></li>
</ul>
<p>[/et_pb_blurb][et_pb_blurb title=»7. Derechos de los usuarios» _builder_version=»4.27.7&#8243; _module_preset=»default» hover_enabled=»0&#8243; global_colors_info=»{}» sticky_enabled=»0&#8243;]</p>
<p><span data-sheets-root="1">Los usuarios pueden solicitar en cualquier momento el acceso, la rectificación o la eliminación de sus datos personales.</span></p>
<ul>
<li><span data-sheets-root="1">Método de solicitud: correo electrónico</span></li>
<li><span data-sheets-root="1">Las solicitudes se atenderán sin demora, salvo cuando exista una obligación legal de conservar los datos.</span></li>
</ul>
<p>[/et_pb_blurb][et_pb_blurb title=»8. Responsable de protección de datos personales» _builder_version=»4.27.7&#8243; _module_preset=»default» hover_enabled=»0&#8243; global_colors_info=»{}» sticky_enabled=»0&#8243;]</p>
<p><span data-sheets-root="1">La Empresa ha designado a un responsable de protección de datos personales para atender consultas relacionadas con el tratamiento y la protección de dichos datos.</span></p>
<ul>
<li><span data-sheets-root="1">Responsable de protección de datos personales: Daniel Chang</span></li>
<li><span data-sheets-root="1">Correo electrónico</span>: <a href="mailto:danielchang@ufits.co.kr">danielchang@ufits.co.kr</a></li>
</ul>
<p>[/et_pb_blurb][et_pb_blurb title=»9. Aviso de modificaciones» _builder_version=»4.27.7&#8243; _module_preset=»default» hover_enabled=»0&#8243; global_colors_info=»{}» sticky_enabled=»0&#8243;]</p>
<p><span data-sheets-root="1">Esta Política de Privacidad podrá modificarse en función de cambios en la legislación aplicable o en las políticas de la Empresa. Cualquier modificación se notificará sin demora a través del sitio web.</span></p>
<p>[/et_pb_blurb][/et_pb_column][/et_pb_row][/et_pb_section]</p>

<p>UFIT Co., Ltd. (en adelante, la «Empresa») recopila los siguientes datos personales con el fin de gestionar consultas y solicitudes de información. Datos recopilados: dirección de correo electrónico Los datos personales recopilados se utilizarán únicamente para la siguiente finalidad: Responder a las consultas recibidas y ponerse en contacto con el usuario. Los datos personales se [&hellip;]</p>
